 0*w - t = 0. Suppose -3*v + w = v. List the prime factors of v.
2
Suppose 21*c = 20*c + 66. What are the prime factors of c?
2, 3, 11
Let r(g) = g**2 + g + 2. Let v be r(-2). Suppose f + i + v = -6, -5*f + 2*i - 36 = 0. What are the prime factors of (f/(-12))/(4/30)?
5
Suppose 4*o = n - o - 10, -3*n - 4*o + 11 = 0. Let l(k) be the first derivative of k**2 + 6*k - 1. What are the prime factors of l(n)?
2
Let f = 5 - 4. Let n = f - -5. Let o(p) = 3*p - 9. What are the prime factors of o(n)?
3
Let r(k) = k**2 - 15*k - 7. What are the prime factors of r(24)?
11, 19
Suppose 4*n + 2*o - 744 = 0, -3*o + 36 = -3*n + 594. What are the prime factors of n?
2, 3, 31
Suppose 338 = 5*w - w + 2*v, 5*v - 430 = -5*w. What are the prime factors of w?
83
Let m = -1 + 4. Suppose 4*a + 0*a = -328. What are the prime factors of m/(-15) + a/(-10)?
2
Let r be (13 - 1)*(-2)/(-3). Let j be ((-5)/(-2))/(4/r). Suppose 0 = -s - 4*f - 2, -s = -j*f - 10 + 3. List the prime factors of s.
2
Let w = -11 - -22. Suppose w = -d + 2*d. List the prime factors of d.
11
Let j(y) = y - 2. Let x be j(5). Suppose 0*m = -x*m + 39. What are the prime factors of m?
13
Suppose -2*u + 21 = -0*n - 3*n, -57 = -4*u + 3*n. Let w = -13 + u. List the prime factors of w.
5
Let w = -112 + 170. List the prime factors of w.
2, 29
Suppose 2*z - 2 = -2*m, 5*m = z + 1 - 2. Let v be 1 + 0 + (2 - m). Suppose -4*b = -v*t + 30, 5*t + 0*b - 4*b - 42 = 0. What are the prime factors of t?
2, 3
Let i be (-4)/(-3) - 24/(-36). Suppose 3*n + 94 = i*f + 5*n, 141 = 3*f - 5*n. What are the prime factors of f?
47
Suppose -3*v = t - 2*t - 408, -5*t + 390 = 3*v. List the prime factors of v.
3, 5
Suppose -3*t = -2*q - 12, -4*q + 16 = 5*t - t. Suppose 2*p + 2*p - 24 = 0. Suppose -i - p = -t*i. What are the prime factors of i?
2
Suppose -5 = -b - 0. List the prime factors of (b - 22)*1*-1.
17
Suppose 0 = 9*m - 10*m + 19. What are the prime factors of m?
19
List the prime factors of (-3 + 20/1)*(4 + 1).
5, 17
Let x = 203 - 51. What are the prime factors of x?
2, 19
Suppose 21*l - 20*l - 20 = 0. What are the prime factors of l?
2, 5
Let y = 15 + -23. Let v(g) = g**3 + 7*g**2 - 8*g + 10. List the prime factors of v(y).
2, 5
Let g = -1 - -3. Let w = g - -1. List the prime factors of (0 + -5)*w/(-5).
3
Suppose -4*h = j - 9, 13 = 2*j + 2*h - 23. Let d = j + -11. What are the prime factors of d?
2, 5
Let u be 2 + 9 + 3 + -2. Suppose u*g = 10*g + 40. What are the prime factors of g?
2, 5
Let f be ((-6)/(-4))/((-3)/(-6)). Let q(a) = 3*a**2 + 2*a**2 + f*a**2 + a - 1. What are the prime factors of q(1)?
2
Suppose 11*j - 8*j - 1182 = 0. What are the prime factors of j?
2, 197
Let w(o) = -o + 3. Let a be w(0). Suppose 1 = -4*f - a. Let b(g) = 5*g**2 - 1. What are the prime factors of b(f)?
2
Suppose -51 = -f + 2*p + 2*p, 30 = f + 3*p. List the prime factors of f.
3, 13
Let n be (-1 - -2)*6 - 1. Suppose 79 + 53 = 2*d. Suppose 1 - d = -n*i. List the prime factors of i.
13
What are the prime factors of ((-1)/(-2))/((-7)/(-1022))?
73
Suppose 4*r = 5*l - 8 - 0, -3*l = -4*r. Suppose l*i - 5*s = -1 + 2, s - 4 = 5*i. Let g = 1 - i. List the prime factors of g.
2
Let d be ((-4)/(-6))/(3/(-9)). Let n(q) = -3*q - 3. Let o be n(d). Let r(l) = l - 1. List the prime factors of r(o).
2
Let h(f) = f**3 - f**2 + f + 1. Let q(w) = w**3 + 4*w**2 + 7*w + 4. Let r(g) = 2*h(g) - q(g). What are the prime factors of r(7)?
2, 3
Let j(q) = q**2 + 7*q + 8. Suppose 3*t - 6 = 4*t. Let y be j(t). Suppose 19 = f - 5*u, -3*f - y = -5*f - 2*u. What are the prime factors of f?
2
Let g be ((-2)/4)/(3/6). Let j(n) = -9*n**3 + 2*n**2 + n. List the prime factors of j(g).
2, 5
Let d(q) = q + 3. Let n be d(0). Suppose -z = 5*t - 3*z - 56, 0 = -4*t - n*z + 54. What are the prime factors of t?
2, 3
Suppose -776 = -5*n - 2*b, 2*n + 4*b = -2*n + 628. List the prime factors of n.
2, 7, 11
Let t = -7 - -20. Let j = t + -5. What are the prime factors of j?
2
Let h(t) = 2*t**2 + t. Let k be h(1). Suppose -1 - k = 4*c. List the prime factors of -5*(-18)/(-15)*c.
2, 3
Suppose -11*j + 10*j + 325 = 0. List the prime factors of j.
5, 13
What are the prime factors of (-19)/(-2) - 5/10?
3
Suppose -2*y - 33 + 93 = 0. Let p be (2/(-3))/((-2)/y). What are the prime factors of (p - (0 + 0)) + -2?
2
Let u(v) be the second derivative of v**5/20 + v**4/2 - 5*v**3/6 - 3*v**2/2 - 4*v. What are the prime factors of u(-3)?
3, 13
Suppose 3*w - 21 = -5*s - 53, 2*s - 3*w = -17. Let r = -3 + -14. Let b = s - r. What are the prime factors of b?
2, 5
Suppose -2*i - 2*i = 0. List the prime factors of 2/(-4)*(-26 + i).
13
Let v(m) = -3*m - 4 + 11 - m**2 + 8*m. Let u(g) = g. Let q be u(5). List the prime factors of v(q).
7
Suppose 4*j - j = 6. Let z(v) = 4*v - 8. Let w be z(6). Suppose -28 - w = -j*b. What are the prime factors of b?
2, 11
Let f be (-3)/12 + 44/(-16). Let p(n) = -2*n**3 - 4*n**2 - 3*n - 1. List the prime factors of p(f).
2, 13
Let h be 4/(-6)*(-4 - -1). Suppose h*l + 10 = 3*l. Suppose 0 = -5*q - 0 + l. What are the prime factors of q?
2
Suppose 13 = -5*n - 22. Let q = n + 13. List the prime factors of q.
2, 3
Suppose -3*d - 2 - 3 = -2*i, 3*i = -3*d - 30. Let a = 8 + d. What are the prime factors of a?
3
Let m(a) = -2*a + 3. Let u be m(-5). Suppose 0 = 5*o - 15, 2*o = 4*k - 61 - u. List the prime factors of k.
2, 5
Let k(t) = -22*t + 2. List the prime factors of k(-3).
2, 17
List the prime factors of 4/((-10)/(-225)*3).
2, 3, 5
Let o = -4 - -1. Let z be o/(-3*1)*-4. Let k = 4 - z. What are the prime factors of k?
2
Let n = 4 + -1. Suppose 0 = -n*j - 23 + 95. Suppose r - 4*y = 12, r = -r - y + j. List the prime factors of r.
2, 3
Let j(y) = -y**2 - 5*y - 1. Let g be j(-4). Suppose -6 = -g*l + 6. What are the prime factors of l?
2
Let b(h) = -h**3 + 8*h**2 - 7*h + 3. List the prime factors of b(7).
3
Let h = -7 - -33. Suppose 4*d = -3*f + 8, 2*d - 3*d + 2 = 4*f. Suppose -2*c + 16 + h = f. List the prime factors of c.
3, 7
Let i be 0 + 0 - (-1 + -24). Suppose -55 = -8*b + 3*b. Let c = i - b. What are the prime factors of c?
2, 7
Let z = 1 - 0. What are the prime factors of ((-10)/20)/(z/(-30))?
3, 5
Let q = 216 - 58. What are the prime factors of q?
2, 79
Suppose 2*y + 0*y = 4*p - 340, 5*p - 425 = -2*y. What are the prime factors of p?
5, 17
Suppose 4*i = -i + 40. List the prime factors of i.
2
Suppose -3*y = -q + 4*q - 159, 0 = -2*y - 8. Suppose -4*b = -q - 3. List the prime factors of b.
3, 5
Suppose 0*l + 66 = 2*l. List the prime factors of l.
3, 11
Let f(y) = y**3 + 11*y**2 - 2*y - 14. Let a be f(-11). List the prime factors of (2 + -1)/(1/a).
2
Let c(t) = -t. Let o be c(0). Suppose o = 4*u - 2*u - 4. What are the prime factors of u?
2
Let n(f) = -4*f**3 - 2*f - 1. What are the prime factors of n(-1)?
5
Let o = -5 + 9. Suppose 2*s - 25 = 5*a, o*s = 3*s - 2*a + 17. Let p = -11 + s. What are the prime factors of p?
2
Suppose 2*y - 5*n = 89, y - 133 = -3*y - 5*n. Suppose -2*k - 3 = -5*g - y, 3*g - 23 = -5*k. List the prime factors of k.
7
Suppose 0 = -2*g + 10, o = 3*g - 2*g + 19. Let n = o + -4. What are the prime factors of n?
2, 5
Let z be (-3)/3*(-1 + -5). What are the prime factors of (1 - 0) + 132/z?
23
Suppose 56 = 4*t - 5*l - 0*l, 3*t + 4*l = 11. Suppose 4*n + 185 = t*n. What are the prime factors of n?
37
Let z be 2/10 - (-92)/(-10). List the prime factors of z/(-36) + 222/8.
2, 7
Let v(o) = 10*o**2 + 2*o - 1. List the prime factors of v(-3).
83
Let z = -50 + 85. Suppose 0 = -3*n - 2*n + z. List the prime factors of n.
7
Let c(j) = -j**3 - 6*j**2 + 4*j - 14. Let w be c(-7). Let u(x) be the first derivative of x**2/2 - x - 1. List the prime factors of u(w).
2, 3
Suppose -2*v - 10 = -i - 3*v, 0 = -4*i + v + 60. List the prime factors of i.
2, 7
Let c be -3 - ((5 - 3) + -8). Suppose 2*w - 48 = -2*p, 4*p - c*w - 40 = 3*p. What are the prime factors of p?
2, 7
Let y = 111 - 53. What are the prime factors of y?
2, 29
Let c(g) = -g**2 - 10*g - 7. Let m be c(-9). Let v = m - -2. What are the prime factors of v?
2
Let a(j) = j + 13. Let f be a(-9). Suppose 2*x = f*h - 48, h - 7 = 3*x + 5. What are the prime factors of h?
2, 3
Let q(d) = d**3 + 7*d**2 - d + 3. Let a be q(-7). Let r = 31 - a. What are the prime factors of r?
3, 7
Suppose 240 = -0*l + 6*l. What are the prime factors of l?
2, 5